4*d + 4*y + 448 = 0. Suppose -d = -5*t + k + 16, t = k + 29. Is 8 a factor of t?
True
Let d(w) = 5*w + 7. Let j be d(5). Suppose -4*h + 3*h - a = 7, -j = 4*h + 2*a. Is 124/9 - 2/h a multiple of 10?
False
Let c(d) be the third derivative of -d**5/60 - 13*d**4/24 - d**3/6 + 3*d**2. Is 15 a factor of c(-9)?
False
Let c = 30 + 24. Is c a multiple of 18?
True
Let h(y) = y**2 - 10*y + 10. Let i(v) = -3*v**2 + 31*v - 31. Let f(l) = -7*h(l) - 2*i(l). Let k be f(-7). Let j = -71 - k. Is j a multiple of 13?
False
Suppose -6*c = -c - 135. Is 27 a factor of c?
True
Let w = 6 + -6. Suppose w*k - 72 = -3*k. Is k a multiple of 8?
True
Does 4 divide -36*((-4)/3 + 20/30)?
True
Let m be 12/18 + 2/(-3). Let f(o) = -o**2 - o + 4. Is 3 a factor of f(m)?
False
Let l = -255 - -375. Is l a multiple of 5?
True
Let n(u) = 6*u - 7. Let m(w) = w - 1. Let p(k) = -5*m(k) + n(k). Let j be p(6). Suppose -20 = -j*i - 4*f, -4*i - f = f - 20. Is 2 a factor of i?
False
Let l(g) = -2*g**3 - g**2 - g - 5. Is 26 a factor of l(-5)?
False
Let u be 151 - (6/(-2))/3. Let w = u - 101. Is 21 a factor of w?
False
Let j = -12 + 4. Let d be (2 + j + -1)*-5. Suppose -3*k + d = 5. Is 5 a factor of k?
True
Let v(l) = -l + 1. Let g be v(6). Let c(b) = -b**3 + 10*b + 3. Let k(s) = -s**3 + s**2 + 11*s + 4. Let j(i) = -5*c(i) + 4*k(i). Is j(g) a multiple of 3?
True
Let n = 11 + 242. Suppose 5*a - 7 = n. Does 24 divide a?
False
Let s = 13 + -8. Is s a multiple of 2?
False
Suppose 5*c = 3*h - 8*h - 20, -3*c = 5*h + 12. Suppose h = -m + 6 - 16. Let b = 0 - m. Is b a multiple of 6?
False
Let t(h) = h**3 - 2*h**2 - 4. Let l be t(5). Suppose -2*d - 6 = -5*d. Suppose d*x - f = x + 19, 5*x = -f + l. Does 11 divide x?
False
Suppose 365 = -0*o + 5*o. Suppose -2*q + 3*z + 29 = 0, z - 19 = 3*q - o. Is 4 a factor of q?
False
Suppose -5*y = -8*o + 7*o - 360, 0 = -5*y - 5*o + 390. Does 7 divide y?
False
Let c(j) = -j**3 + 2*j + 259. Is c(0) a multiple of 41?
False
Suppose 4*f - 21 = -0*v - 3*v, 2*f = 6. Suppose -5*w + 82 = 2*y, y + 80 = 4*w - y. Suppose -c - w = -v*c. Does 5 divide c?
False
Let n = 38 - 22. Does 13 divide n?
False
Suppose 12 = -4*h, h - 19 = -2*o + 18. Let t(s) = -s**2 - 3*s + 2. Let n be t(-3). Suppose 4*u - n*u = o. Does 3 divide u?
False
Let y = 44 - 18. Suppose 5*w = d + 2 + 2, 4*d + w - y = 0. Let f(l) = -l**3 + 6*l**2 + 8*l - 6. Is 15 a factor of f(d)?
False
Let i(v) = -v**3 - 5*v**2 + v + 2. Let o be i(-4). Let q = 28 + o. Is ((-65)/q)/((-1)/4) a multiple of 9?
False
Let j be (-4)/10 - 53/5. Let g be 4/(-6) + (-64)/(-6). Let o = g - j. Does 14 divide o?
False
Let q(u) = -2*u - 7. Suppose 12 - 2 = -2*a, -2*j + 2*a = 0. Let l be q(j). Suppose 0 = l*w - 4*z - 44, -4*w - 5*z = -16 - 22. Is w a multiple of 12?
True
Let z = -111 + 167. Suppose -2*l = -3*r + 83, 4*l + 2*r + 80 + 78 = 0. Let n = l + z. Does 13 divide n?
False
Let x(g) = -6*g**3 + 2. Let v be 14/2 - (1 - -2). Let j = -6 + v. Is 13 a factor of x(j)?
False
Suppose -5*y + 9 = q - 27, 4*q - 16 = -4*y. Does 4 divide y?
True
Suppose 5*n = 3*x + 1230, 5*n - 817 = 4*x + 408. Is 17 a factor of n?
False
Suppose -3 = -t, 9*v - 997 = 4*v + t. Is 20 a factor of v?
True
Suppose 0 = -7*u + 4*u + 3. Is 9 a factor of (0 + -3 + u)*-9?
True
Let u(h) = -h**3 - 7*h**2 - 2. Does 34 divide u(-9)?
False
Does 13 divide (-462)/(-9) - (3/9 + -1)?
True
Let q(w) = w**2 + 7*w - 1. Is q(-12) a multiple of 10?
False
Is (3 + -1)/(9/((-1710)/(-4))) a multiple of 19?
True
Suppose 0 = -3*w + 910 - 85. Is 13 a factor of w?
False
Let x be (-1 - -2)*2 - 3. Does 11 divide (105/(-6) + x)*-2?
False
Suppose -1428 = -2*a - a. Does 11 divide 2/11 - a/(-44)?
True
Suppose 0*l + 5*l + x = 92, -4*x + 83 = 5*l. Let k = -1 + l. Is k a multiple of 9?
True
Let f = 323 + -179. Is 16 a factor of f?
True
Suppose 13 = -0*d + d. Let g = -10 + 35. Let b = g - d. Does 6 divide b?
True
Let b(p) = -p**2 + 19*p + 12. Is b(14) a multiple of 33?
False
Let b(n) = -6*n + 87. Is b(-16) a multiple of 17?
False
Let y be (-1)/3*(-18)/3. Let c(n) = -6*n - 6 - 11*n**2 - 1 + n**3 + y*n**2. Is c(10) a multiple of 12?
False
Let s = -11 - -251. Is 31 a factor of s?
False
Let v(k) = 8*k**3 - 3*k**2 - 5*k + 1. Does 25 divide v(3)?
True
Let f(m) = 1 + 16*m + 3 - 6 + 4. Let y be f(-4). Let p = y + 90. Does 11 divide p?
False
Suppose 66 + 46 = 4*q. Let t = q + -4. Is t a multiple of 6?
True
Let p = 68 - -2. Does 7 divide p?
True
Let n(i) = i**2 - 6*i - 6. Let x be n(6). Suppose 0 = -0*f + 5*f + 5*v - 20, 24 = -4*f + 4*v. Is 5 a factor of f/3 - 62/x?
True
Let o(j) = j + 4. Is o(5) a multiple of 7?
False
Is 5 a factor of 8/14 + 76/14?
False
Let t(a) = 95*a - 10. Does 18 divide t(2)?
True
Let b = -11 + 20. Is b a multiple of 7?
False
Suppose 112 - 382 = 5*u. Let v = 14 - u. Is v a multiple of 17?
True
Let t(w) = w + 2. Let p(n) = n**2 - 7*n + 6. Let b be p(6). Is t(b) even?
True
Suppose 8*r - 3*r + 2*n - 497 = 0, 0 = r + n - 100. Does 11 divide r?
True
Let s(f) = f**3 - 8*f**2 - 9*f - 4. Let w be s(9). Let i(k) = k**2 + 6*k - 8. Let m be i(-7). Is ((-34)/8 + m)*w a multiple of 14?
False
Let o be (-123)/(-2) + (-18)/12. Let j = o - 88. Let y = j + 53. Does 9 divide y?
False
Is 3 a factor of (-96)/(-7) - (-4)/14?
False
Suppose 0*r + r = 3*y + 16, 22 = -4*y + 2*r. Let m = y + 48. Is 12 a factor of m?
False
Let u = -11 + 5. Let p be (-3 - u)/((-6)/(-8)). Does 15 divide 163/11 - p/(-22)?
True
Let f(k) = 98*k. Suppose -6*g = -h - 3*g - 5, g = 3*h - 1. Let d be f(h). Is 7 a factor of d/8 - (-1)/(-4)?
False
Suppose 2*p + 16 = p. Is (p/20)/(2/(-20)) a multiple of 3?
False
Let n = -109 + 170. Does 41 divide n?
False
Suppose 0 = -4*v + 3*v - y + 4, 2*y + 6 = 5*v. Let b = -78 + 143. Suppose b = 3*h + v*h. Does 10 divide h?
False
Let j be (-4 - -12)/((-4)/(-2)). Does 12 divide j/(-28) - (-281)/7?
False
Suppose -220 = -9*c + 4*c. Suppose -41 = -2*l - 5*a - 5, 3*a = -2*l + c. Is 10 a factor of l?
False
Let w(g) = -7*g + 6. Let o = -15 + 9. Does 15 divide w(o)?
False
Let b be (2 - 0) + (-44)/(-2). Suppose -5*t = -t - b. Is t a multiple of 6?
True
Suppose -c = 3*c + 4. Does 15 divide 1 + c + 0 - -28?
False
Suppose -l - 2*l = -300. Is l a multiple of 16?
False
Suppose 0 = 2*n - 7 - 101. Suppose -9 = 5*f - n. Let p = f - 3. Is p a multiple of 5?
False
Let g = 6 - 8. Let t = g + 17. Suppose -4*h = -17 - t. Is 4 a factor of h?
True
Let i(c) = c**2 + 2*c + 4. Let b = -33 + 53. Let t be b/(-4)*(-8)/(-10). Is 6 a factor of i(t)?
True
Suppose -28 + 4 = -i. Does 8 divide i?
True
Suppose -i = 3*j + 17, -2*j - 19 = -0*i + i. Let m = i - -67. Is m a multiple of 15?
False
Is 218/8 + (-1)/4 a multiple of 5?
False
Let h = 4 + -6. Is (-232)/(-7) + h/14 a multiple of 9?
False
Suppose -8*c + 412 + 1452 = 0. Is c a multiple of 30?
False
Let y(b) = -16*b + 3. Let q be y(-2). Suppose -p + 92 = 4*l - l, 170 = 5*l + 5*p. Suppose q + l = 4*n. Is n a multiple of 7?
False
Suppose 4 + 2 = 2*u - 2*s, 4*u - 13 = 3*s. Let y(z) = z**3 - 3*z**2 - 2*z + 3. Is 11 a factor of y(u)?
True
Suppose -z + 3*z - 26 = 0. Let l = z - 8. Suppose -98 = -3*d - 2*c, -l*d + 62 = -3*d + 2*c. Is d a multiple of 13?
False
Let r = -7 - -24. Let l = r - 1. Is 8 a factor of l?
True
Suppose 0 = 2*g + h - 33 - 38, -3*g + 2*h + 96 = 0. Is 2 a factor of g?
True
Let t = -198 + 117. Is 9 a factor of (2/3)/((-2)/t)?
True
Is 16 a factor of (-1)/(1*1/(-32))?
True
Suppose 111 - 21 = 3*k. Does 15 divide k?
True
Suppose -7*l + 8*l - 12 = 0. Is l a multiple of 4?
True
Suppose 7*s = -3*s + 1370. Does 24 divide s?
False
Let c(h) = 5*h + 5. Let n(x) = -4*x - 4. Let q(y) = 5*c(y) + 6*n(y). Let d be q(0). Does 12 divide (-14)/d*(-18)/7?
True
Let t = 212 - -89. Is 43 a factor of t?
True
Suppose 2*g + 2*g = 16. Suppose 3*y - 2*t - 12 = -0*t, 2*t + 6 = 0. Suppose -5 = -b - l, -6*b + g*l = -b + y. Is 2 a factor of b?
True
Suppose -4*m - 124 = -4*p, 0 = 4*p + 3*m - 39 - 50. Suppose p = -3*y + 2. Let l = 12 - y. Does 10 divide l?
True
Let s(o) = -9*o - 1. Let g be s(-1). Suppose 4*p - 140 = -g. Does 11 divide p?
True
Let p = 48 - 32. Is p a multiple of 8?
True
Let h(v) = v**3 + 10*v**2 - 6. Is 18 a factor of h(-8)?
False
Let l(w) = -4*w - 5. Let t(b) = -b - 1. Suppose 5*f - 30 + 5 = 0. Let r be t(f). Does 17 divide l(r)?
False
Is 7 a factor of 9/(-18) - 29/(-2)?
True
Let f(n) = -2*n**2 + 10*n + 6. Let c